{"id":883,"date":"2013-04-11T12:13:30","date_gmt":"2013-04-11T10:13:30","guid":{"rendered":"http:\/\/schischule-radstadt.com.w013d2fb.kasserver.com\/kurse\/menschen-mit-handicap\/"},"modified":"2024-02-17T15:45:17","modified_gmt":"2024-02-17T13:45:17","slug":"menschen-mit-handicap","status":"publish","type":"page","link":"https:\/\/www.schischule-radstadt.com\/nl\/kurse\/menschen-mit-handicap\/","title":{"rendered":"Menschen mit Handicap"},"content":{"rendered":"<p>[vc_row el_position=&#8221;first last&#8221;][vc_column][vc_column_text el_position=&#8221;first&#8221;]<\/p>\n<h1>Unterricht f\u00fcr Menschen mit Handicap<\/h1>\n<p>&nbsp;<\/p>\n<p>Die technischen Entwicklungen im Behindertenskilauf und unsere geschulten Skilehrer erm\u00f6glichen Menschen mit k\u00f6rperlicher oder geistiger Behinderung, Skilauf zu betreiben. Barrierefreier Wintersport mit Freunden und Familie macht richtig Spa\u00df.[\/vc_column_text][vc_row_inner][vc_column_inner width=&#8221;1\/3&#8243;][vc_column_text el_position=&#8221;first last&#8221;]<\/p>\n<p><a href=\"https:\/\/www.schischule-radstadt.com\/wp-content\/uploads\/Kinder-mit-Handicap-Liftfahren.jpg\"><img fetchpriority=\"high\" decoding=\"async\" class=\"alignnone size-large wp-image-528\" src=\"https:\/\/www.schischule-radstadt.com\/wp-content\/uploads\/Kinder-mit-Handicap-Liftfahren-800x528.jpg\" alt=\"Kinder-mit-Handicap-Liftfahren\" width=\"550\" height=\"363\" srcset=\"https:\/\/www.schischule-radstadt.com\/wp-content\/uploads\/Kinder-mit-Handicap-Liftfahren-800x528.jpg 800w, https:\/\/www.schischule-radstadt.com\/wp-content\/uploads\/Kinder-mit-Handicap-Liftfahren-377x249.jpg 377w, https:\/\/www.schischule-radstadt.com\/wp-content\/uploads\/Kinder-mit-Handicap-Liftfahren-250x165.jpg 250w, https:\/\/www.schischule-radstadt.com\/wp-content\/uploads\/Kinder-mit-Handicap-Liftfahren-600x396.jpg 600w, https:\/\/www.schischule-radstadt.com\/wp-content\/uploads\/Kinder-mit-Handicap-Liftfahren.jpg 1000w\" sizes=\"(max-width: 550px) 100vw, 550px\" \/><\/a><\/p>\n<p>[\/vc_column_text][\/vc_column_inner][vc_column_inner width=&#8221;1\/3&#8243;][vc_column_text el_position=&#8221;first last&#8221;]<\/p>\n<p><a href=\"https:\/\/www.schischule-radstadt.com\/wp-content\/uploads\/Menschen-mit-Handicap-Skikurse.jpg\"><img decoding=\"async\" class=\"alignnone size-large wp-image-530\" src=\"https:\/\/www.schischule-radstadt.com\/wp-content\/uploads\/Menschen-mit-Handicap-Skikurse-800x528.jpg\" alt=\"Menschen-mit-Handicap-Skikurse\" width=\"550\" height=\"363\" srcset=\"https:\/\/www.schischule-radstadt.com\/wp-content\/uploads\/Menschen-mit-Handicap-Skikurse-800x528.jpg 800w, https:\/\/www.schischule-radstadt.com\/wp-content\/uploads\/Menschen-mit-Handicap-Skikurse-377x249.jpg 377w, https:\/\/www.schischule-radstadt.com\/wp-content\/uploads\/Menschen-mit-Handicap-Skikurse-250x165.jpg 250w, https:\/\/www.schischule-radstadt.com\/wp-content\/uploads\/Menschen-mit-Handicap-Skikurse-600x396.jpg 600w, https:\/\/www.schischule-radstadt.com\/wp-content\/uploads\/Menschen-mit-Handicap-Skikurse.jpg 1000w\" sizes=\"(max-width: 550px) 100vw, 550px\" \/><\/a><\/p>\n<p>[\/vc_column_text][\/vc_column_inner][vc_column_inner width=&#8221;1\/3&#8243;][vc_column_text el_position=&#8221;first last&#8221;]<\/p>\n<p><a href=\"https:\/\/www.schischule-radstadt.com\/wp-content\/uploads\/1578_tirolhandicap-Medium.jpg\"><img decoding=\"async\" class=\"alignnone size-medium wp-image-3359\" src=\"https:\/\/www.schischule-radstadt.com\/wp-content\/uploads\/1578_tirolhandicap-Medium-373x249.jpg\" alt=\"1578_tirolhandicap (Medium)\" width=\"373\" height=\"249\" srcset=\"https:\/\/www.schischule-radstadt.com\/wp-content\/uploads\/1578_tirolhandicap-Medium-373x249.jpg 373w, https:\/\/www.schischule-radstadt.com\/wp-content\/uploads\/1578_tirolhandicap-Medium-200x134.jpg 200w, https:\/\/www.schischule-radstadt.com\/wp-content\/uploads\/1578_tirolhandicap-Medium-800x532.jpg 800w, https:\/\/www.schischule-radstadt.com\/wp-content\/uploads\/1578_tirolhandicap-Medium-250x166.jpg 250w, https:\/\/www.schischule-radstadt.com\/wp-content\/uploads\/1578_tirolhandicap-Medium-600x400.jpg 600w, https:\/\/www.schischule-radstadt.com\/wp-content\/uploads\/1578_tirolhandicap-Medium.jpg 1153w\" sizes=\"(max-width: 373px) 100vw, 373px\" \/><\/a><\/p>\n<p>[\/vc_column_text][\/vc_column_inner][\/vc_row_inner][vc_column_text]<\/p>\n<h3>Extra ausgebildete Skilehrer:innen f\u00fcr Behindertenskilauf<\/h3>\n<p>F\u00fcr Menschen mit Handicap stellen wir eigens ausgebildete Skilehrer zur Verf\u00fcgung. Aus unserer Sicht darf niemand benachteiligt werden, daher stehen wir f\u00fcr das gleichberechtigte Miteinander von Menschen auf der Piste ein. Unabh\u00e4ngig von Art und Schweregrad der Behinderung steht dem Wintersport nichts mehr im Wege. Wir bitten um rechtzeitige Voranmeldung, damit wir Sie wirklich gut betreuen k\u00f6nnen.[\/vc_column_text][vc_column_text el_position=&#8221;last&#8221;]<a class=\"btn btn-block\" title=\"Kursbuchung\" href=\"\/?page_id=47\">JETZT ANFRAGEN<\/a>[\/vc_column_text][\/vc_column][\/vc_row]<\/p>\n","protected":false},"excerpt":{"rendered":"<p>[vc_row el_position=&#8221;first last&#8221;][vc_column][vc_column_text el_position=&#8221;first&#8221;] Unterricht f\u00fcr Menschen mit Handicap &nbsp; Die technischen Entwicklungen im Behindertenskilauf und unsere geschulten Skilehrer erm\u00f6glichen Menschen mit k\u00f6rperlicher oder geistiger Behinderung, Skilauf zu betreiben. Barrierefreier Wintersport mit Freunden und Familie macht richtig Spa\u00df.[\/vc_column_text][vc_row_inner][vc_column_inner width=&#8221;1\/3&#8243;][vc_column_text el_position=&#8221;first last&#8221;] [\/vc_column_text][\/vc_column_inner][vc_column_inner width=&#8221;1\/3&#8243;][vc_column_text el_position=&#8221;first last&#8221;] [\/vc_column_text][\/vc_column_inner][vc_column_inner width=&#8221;1\/3&#8243;][vc_column_text el_position=&#8221;first last&#8221;] [\/vc_column_text][\/vc_column_inner][\/vc_row_inner][vc_column_text] Extra ausgebildete Skilehrer:innen f\u00fcr Behindertenskilauf [&hellip;]<\/p>\n","protected":false},"author":5,"featured_media":0,"parent":871,"menu_order":26,"comment_status":"closed","ping_status":"closed","template":"","meta":{"footnotes":""},"class_list":["post-883","page","type-page","status-publish","hentry"],"jetpack_sharing_enabled":true,"_links":{"self":[{"href":"https:\/\/www.schischule-radstadt.com\/nl\/wp-json\/wp\/v2\/pages\/883","targetHints":{"allow":["GET"]}}],"collection":[{"href":"https:\/\/www.schischule-radstadt.com\/nl\/wp-json\/wp\/v2\/pages"}],"about":[{"href":"https:\/\/www.schischule-radstadt.com\/nl\/wp-json\/wp\/v2\/types\/page"}],"author":[{"embeddable":true,"href":"https:\/\/www.schischule-radstadt.com\/nl\/wp-json\/wp\/v2\/users\/5"}],"replies":[{"embeddable":true,"href":"https:\/\/www.schischule-radstadt.com\/nl\/wp-json\/wp\/v2\/comments?post=883"}],"version-history":[{"count":10,"href":"https:\/\/www.schischule-radstadt.com\/nl\/wp-json\/wp\/v2\/pages\/883\/revisions"}],"predecessor-version":[{"id":4961,"href":"https:\/\/www.schischule-radstadt.com\/nl\/wp-json\/wp\/v2\/pages\/883\/revisions\/4961"}],"up":[{"embeddable":true,"href":"https:\/\/www.schischule-radstadt.com\/nl\/wp-json\/wp\/v2\/pages\/871"}],"wp:attachment":[{"href":"https:\/\/www.schischule-radstadt.com\/nl\/wp-json\/wp\/v2\/media?parent=883"}],"curies":[{"name":"wp","href":"https:\/\/api.w.org\/{rel}","templated":true}]}}

<p>[vc_row el_position=&#8221;first last&#8221;][vc_column][vc_column_text el_position=&#8221;first&#8221;]</p>
<h1>Unterricht für Menschen mit Handicap</h1>
<p>&nbsp;</p>
<p>Die technischen Entwicklungen im Behindertenskilauf und unsere geschulten Skilehrer ermöglichen Menschen mit körperlicher oder geistiger Behinderung, Skilauf zu betreiben. Barrierefreier Wintersport mit Freunden und Familie macht richtig Spaß.[/vc_column_text][vc_row_inner][vc_column_inner width=&#8221;1/3&#8243;][vc_column_text el_position=&#8221;first last&#8221;]</p>
<p><a href="https://www.schischule-radstadt.com/wp-content/uploads/Kinder-mit-Handicap-Liftfahren.jpg"><img fetchpriority="high" decoding="async" class="alignnone size-large wp-image-528" src="https://www.schischule-radstadt.com/wp-content/uploads/Kinder-mit-Handicap-Liftfahren-800x528.jpg" alt="Kinder-mit-Handicap-Liftfahren" width="550" height="363" srcset="https://www.schischule-radstadt.com/wp-content/uploads/Kinder-mit-Handicap-Liftfahren-800x528.jpg 800w, https://www.schischule-radstadt.com/wp-content/uploads/Kinder-mit-Handicap-Liftfahren-377x249.jpg 377w, https://www.schischule-radstadt.com/wp-content/uploads/Kinder-mit-Handicap-Liftfahren-250x165.jpg 250w, https://www.schischule-radstadt.com/wp-content/uploads/Kinder-mit-Handicap-Liftfahren-600x396.jpg 600w, https://www.schischule-radstadt.com/wp-content/uploads/Kinder-mit-Handicap-Liftfahren.jpg 1000w" sizes="(max-width: 550px) 100vw, 550px" /></a></p>
<p>[/vc_column_text][/vc_column_inner][vc_column_inner width=&#8221;1/3&#8243;][vc_column_text el_position=&#8221;first last&#8221;]</p>
<p><a href="https://www.schischule-radstadt.com/wp-content/uploads/Menschen-mit-Handicap-Skikurse.jpg"><img decoding="async" class="alignnone size-large wp-image-530" src="https://www.schischule-radstadt.com/wp-content/uploads/Menschen-mit-Handicap-Skikurse-800x528.jpg" alt="Menschen-mit-Handicap-Skikurse" width="550" height="363" srcset="https://www.schischule-radstadt.com/wp-content/uploads/Menschen-mit-Handicap-Skikurse-800x528.jpg 800w, https://www.schischule-radstadt.com/wp-content/uploads/Menschen-mit-Handicap-Skikurse-377x249.jpg 377w, https://www.schischule-radstadt.com/wp-content/uploads/Menschen-mit-Handicap-Skikurse-250x165.jpg 250w, https://www.schischule-radstadt.com/wp-content/uploads/Menschen-mit-Handicap-Skikurse-600x396.jpg 600w, https://www.schischule-radstadt.com/wp-content/uploads/Menschen-mit-Handicap-Skikurse.jpg 1000w" sizes="(max-width: 550px) 100vw, 550px" /></a></p>
<p>[/vc_column_text][/vc_column_inner][vc_column_inner width=&#8221;1/3&#8243;][vc_column_text el_position=&#8221;first last&#8221;]</p>
<p><a href="https://www.schischule-radstadt.com/wp-content/uploads/1578_tirolhandicap-Medium.jpg"><img decoding="async" class="alignnone size-medium wp-image-3359" src="https://www.schischule-radstadt.com/wp-content/uploads/1578_tirolhandicap-Medium-373x249.jpg" alt="1578_tirolhandicap (Medium)" width="373" height="249" srcset="https://www.schischule-radstadt.com/wp-content/uploads/1578_tirolhandicap-Medium-373x249.jpg 373w, https://www.schischule-radstadt.com/wp-content/uploads/1578_tirolhandicap-Medium-200x134.jpg 200w, https://www.schischule-radstadt.com/wp-content/uploads/1578_tirolhandicap-Medium-800x532.jpg 800w, https://www.schischule-radstadt.com/wp-content/uploads/1578_tirolhandicap-Medium-250x166.jpg 250w, https://www.schischule-radstadt.com/wp-content/uploads/1578_tirolhandicap-Medium-600x400.jpg 600w, https://www.schischule-radstadt.com/wp-content/uploads/1578_tirolhandicap-Medium.jpg 1153w" sizes="(max-width: 373px) 100vw, 373px" /></a></p>
<p>[/vc_column_text][/vc_column_inner][/vc_row_inner][vc_column_text]</p>
<h3>Extra ausgebildete Skilehrer:innen für Behindertenskilauf</h3>
<p>Für Menschen mit Handicap stellen wir eigens ausgebildete Skilehrer zur Verfügung. Aus unserer Sicht darf niemand benachteiligt werden, daher stehen wir für das gleichberechtigte Miteinander von Menschen auf der Piste ein. Unabhängig von Art und Schweregrad der Behinderung steht dem Wintersport nichts mehr im Wege. Wir bitten um rechtzeitige Voranmeldung, damit wir Sie wirklich gut betreuen können.[/vc_column_text][vc_column_text el_position=&#8221;last&#8221;]<a class="btn btn-block" title="Kursbuchung" href="/?page_id=47">JETZT ANFRAGEN</a>[/vc_column_text][/vc_column][/vc_row]</p>

<p>[vc_row el_position=&#8221;first last&#8221;][vc_column][vc_column_text el_position=&#8221;first&#8221;] Unterricht für Menschen mit Handicap &nbsp; Die technischen Entwicklungen im Behindertenskilauf und unsere geschulten Skilehrer ermöglichen Menschen mit körperlicher oder geistiger Behinderung, Skilauf zu betreiben. Barrierefreier Wintersport mit Freunden und Familie macht richtig Spaß.[/vc_column_text][vc_row_inner][vc_column_inner width=&#8221;1/3&#8243;][vc_column_text el_position=&#8221;first last&#8221;] [/vc_column_text][/vc_column_inner][vc_column_inner width=&#8221;1/3&#8243;][vc_column_text el_position=&#8221;first last&#8221;] [/vc_column_text][/vc_column_inner][vc_column_inner width=&#8221;1/3&#8243;][vc_column_text el_position=&#8221;first last&#8221;] [/vc_column_text][/vc_column_inner][/vc_row_inner][vc_column_text] Extra ausgebildete Skilehrer:innen für Behindertenskilauf [&hellip;]</p>
